92 = t*o. Is o a prime number?
False
Is (0 - -3 - 9589)*(-4 - 135/6) composite?
True
Let u(y) = -2*y**2 + 11*y - 9884. Let d(h) = h**2 - 6*h + 4942. Let l(s) = 5*d(s) + 3*u(s). Let b be l(0). Let k = -1043 - b. Is k composite?
True
Suppose 9*n = -427*n + 270428564. Is n prime?
False
Let k be (-12)/24*(3 - 2)*-6. Suppose 4*w - 2*i + i - 1547 = 0, -2*i = -10. Suppose t - w = k*b, -b = -5*b - 12. Is t a composite number?
False
Suppose 0 = -3*r + 369 + 489. Is (r/(-8) - -3)*-28 prime?
False
Let w be ((-5)/2)/(9/18). Let m(f) = 6*f**3 + 5*f**2 - 6*f + 5. Let g be m(w). Is (g/(-30))/((-2)/(-12)) a composite number?
True
Let j = -13486 + 24699. Is j a prime number?
True
Is 28/(-70)*15025735/(-4)*2 composite?
False
Let w(g) = -525*g - 2648. Let r be w(-7). Let n(x) = 4*x - 1. Let c be n(1). Suppose -c*z + 8511 = 3*v, -2*v + 4651 = 3*z - r. Is v prime?
True
Let m = 103799 + -60978. Is m composite?
False
Suppose -10 = -2*h, 2*u - h = -3*h + 198. Suppose u*s + 23176 = 102*s. Is s composite?
False
Let h(n) = 9331*n**2 + 83*n + 13. Let f(i) = -3112*i**2 - 25*i - 4. Let z(q) = -10*f(q) - 3*h(q). Let c(u) = u - 7. Let s be c(6). Is z(s) prime?
False
Suppose -114*w + 517666 = -32*w. Is w a composite number?
True
Suppose u - 89104 = 222*z - 225*z, -2*z = -4*u - 59426. Is z prime?
False
Is ((20/40)/(-1))/((10/(-570268))/5) composite?
False
Let a be (-8)/2 - (6 - -14). Is 2 + 4/(-6) + (-476008)/a a prime number?
False
Let o = 624 + -1080. Let a be (o/18)/(3/(-45)). Suppose -5*j + a = 5*c, -4*j - 125 = -2*c + 45. Is c composite?
False
Let l = -43 - -46. Suppose -5*c = 2*m + l*m - 2125, -1271 = -3*c + m. Let y = c - 297. Is y prime?
True
Let a(s) = -2*s**2 + 4*s - 2. Let q be a(3). Let y = 13 + q. Suppose 2*r = y*d + 300, 2*d + 151 = r - 0*r. Is r prime?
False
Let d be -1*(1 + -3) + (-2 - -2). Let q be 3/d*(-6)/(-3). Suppose -p = 2*p + 4*w - 1631, 3*p - 1617 = q*w. Is p a composite number?
False
Let r be ((4 + -3)/1)/(1/22563). Suppose -19*n = -22*n + r. Suppose 6*u + 1467 = n. Is u a prime number?
True
Let q = -24221 + 170670. Is q composite?
False
Let k = -139531 + 976602. Is k a prime number?
True
Let a(w) = -4*w**2 + 30*w - 3. Let m = -133 - -140. Is a(m) a prime number?
True
Suppose -4*k + 12 = 0, -3*j = -k - 1243 - 5945. Suppose -2*z = b - 3577, -1156 - j = -b + 4*z. Is b composite?
True
Suppose 4*k - 3*m = 101, m + 19 = 2*k - 32. Suppose k*p = 4*p + 151778. Is p a prime number?
True
Suppose 4*y - 1982884 = -16*q, 3*y - 26 + 11 = 0. Is q composite?
True
Suppose -3*b - 2*v = -v - 2966, -b - 2*v = -987. Let i = b - 472. Is i a prime number?
False
Let v(c) = -2*c**2 + 3*c - 1. Let r(l) = -21*l**2 + 54*l + 82. Let d(u) = -r(u) + 6*v(u). Is d(27) prime?
True
Suppose -f = -2*o + 16, 0 = -3*f + 5*o - 56 + 11. Let q be (f/(-9))/5 - (-86)/18. Suppose 1060 = q*z - c - 592, -4*z + 1321 = -c. Is z composite?
False
Is ((-9029044)/(-1310)*5/3)/(2/3) a composite number?
False
Suppose 0 = -3*k - 54*u + 55*u + 3319087, 0 = 4*k - 3*u - 4425446. Is k composite?
False
Let f(o) = -o. Let b be f(-6). Suppose -2*l + b = -2*q, 3*l = -8*q + 3*q + 17. Suppose -1327 = -3*i + 4*n, l*i + 251 - 2029 = n. Is i prime?
False
Suppose 2*l = 10*a - 5*a + 1962, -5*a - 20 = 0. Let q = 1384 - l. Suppose 0 = -3*k + 5*f + q, 2*k + 2*f - 312 = -2*f. Is k a composite number?
True
Let r = -26332 - -50943. Is r composite?
False
Let k(v) = 12*v**2 + 30*v - 377. Is k(-42) composite?
False
Let o(w) = -3*w**3 - 81*w + 0*w**2 + 73*w - w**2 + 4*w**3 + 1685. Is o(0) a composite number?
True
Suppose 131*z + 100*z - 11089236 = 27*z. Is z a composite number?
True
Let o = -36 - -52. Let v = 289 + o. Let l = 2918 + v. Is l prime?
False
Let s = -35 - -41. Let q be (6/(-9))/(s/(-11295)). Suppose 5*z - 3*r = q, -r - r = 0. Is z a composite number?
False
Let s(q) = q**3 - 17*q**2 - 19*q + 20. Let v be s(18). Let t be 10/(-55) + (-180)/(-22). Suppose v*n - 2*u - 2*u = 2350, 0 = -4*u - t. Is n a composite number?
False
Let u be (-2)/(-7) - (-300)/28. Let d be 21/12 + (3 - u/4). Suppose -z = -2, 0 = 4*r - d*z + 5*z - 226. Is r prime?
False
Let k(j) = -4*j + 4960. Let q(i) = -7*i + 9918. Let x(y) = -5*k(y) + 3*q(y). Let b be x(0). Suppose c = 3*t - 7438, 4*c + 0*c = -2*t + b. Is t a prime number?
False
Let r(f) = -815*f - 1047. Is r(-52) a prime number?
True
Suppose -2*u - 2*v = -16, -5*u + 2*v + 36 = 5*v. Suppose 0 = 2*m - z - 35731, z = -u*m + 3*z + 107188. Is m prime?
True
Suppose 5*d - 4*n - 2487 = -3*n, d + 4*n = 510. Let j = 2291 + d. Is j a composite number?
False
Suppose -2*s + 2*b = -271120, -5*s + 68*b - 64*b + 677799 = 0. Is s composite?
False
Let f(u) = u - 23. Let q be f(4). Let r(n) = n**3 + 16*n**2 + 33*n - 16. Let t be r(q). Let b = t - -2445. Is b composite?
False
Suppose 3*i - 115907 = 5*s, 5*i - 72841 = -5*s + 120284. Let b = -23930 + i. Is b prime?
True
Let h(z) = -z**3 - 5*z**2 + 7. Let p be h(-4). Let r be ((-1)/(-3))/((-1)/p). Suppose 4*w - 5104 = -j, r*w - 1373 - 2474 = 4*j. Is w prime?
True
Let g(o) = -o**2 + 13*o - 3. Let s be (-8)/20 + 201/15. Let h be g(s). Is h/(1 - (-14)/(-13)) a composite number?
True
Let o = -9602 + 20245. Is o a prime number?
False
Let t(z) = -52*z**2 + 3. Let v be t(5). Let y = -664 - v. Suppose -3*o + 6*o = y. Is o a composite number?
False
Suppose -5*t - 178 = -o - 729, -5*o = -2*t + 225. Suppose 0 = 2*z - t - 4998. Is z a prime number?
False
Let h = 2894 - -6854. Suppose a + h = 3*o, 6*o + 5*a + 16230 = 11*o. Is o prime?
True
Let y(r) = 519*r - 100. Let j(f) = -f**2 + 27. Let m be j(-4). Is y(m) a prime number?
False
Let d be -1 + 11/13 - 73170/(-39). Suppose 0 = -3*a + 4607 + d. Is a prime?
True
Suppose -12*h + 174066 = -2*d - 7760, h + 5*d = 15178. Is h prime?
False
Let o(n) = -72*n + 11. Suppose 9*w + 172 - 136 = 0. Is o(w) a prime number?
False
Suppose -s = -2*s - 3, -3*v = -s - 12. Suppose 2*f + v*n - 1270 = 7*n, 3*f - 3*n - 1905 = 0. Is f prime?
False
Let j = -135 - -144. Let p = -5 + j. Is ((-158)/p)/((-7)/294*3) a composite number?
True
Let j = 834506 + -465825. Is j prime?
False
Is 1141524/66 + 16/88 + -5 a composite number?
False
Let w(m) = 3*m**3 + 67*m**2 - 32*m - 72. Let l be w(-21). Suppose 0*s - 1134 = 2*s. Let t = l + s. Is t composite?
True
Let l(k) = k**2 + 7*k - 1. Let h = 32 - 28. Suppose i - h*n + 40 = 0, 3*i + 0*n = -n - 55. Is l(i) a composite number?
True
Suppose 5*g - 27 = 58. Let k(a) = -3*a**2 - 4*a - 20. Let w be k(g). Let c = w - -1460. Is c a composite number?
True
Let j be ((-13161)/(-164))/((-1)/(-4)). Suppose 6*v - j - 7137 = 0. Is v prime?
False
Suppose 5*l - 279469 = 4*c + 130458, c = -5*l + 409937. Is l a composite number?
True
Suppose 0 = 40*t - 26134 - 772682 + 147896. Is t a composite number?
False
Let s(t) be the third derivative of 47*t**5/10 + 17*t**4/24 - 29*t**3/6 + 48*t**2 - 2. Is s(8) composite?
True
Suppose 110 - 62 = 2*x. Is ((-91120)/x + 6)/((-4)/6) a composite number?
True
Let b be (4/36*15)/((-1)/(-3)). Suppose 4*q - 5*q + 2932 = b*l, 3*q = 2*l + 8779. Is q composite?
False
Let b be 1*(-266826)/(-3) - -6. Suppose b = 27*a + 9595. Is a prime?
True
Suppose -4*n + n = 2*i + 11494, 3*n + 4*i + 11492 = 0. Let p = n - -2574. Let y = p - -3395. Is y a composite number?
False
Suppose 2*l = 2*v - 636, -v - 3*l + 6*l + 310 = 0. Suppose -94 = -s - x + 112, 0 = 5*s + 4*x - 1025. Let o = v - s. Is o composite?
True
Let c be (-10)/4 + 63460/152. Let i be -2 - -2 - (-612)/3. Let q = c - i. Is q a composite number?
False
Let v(h) = -7682*h + 4345. Is v(-21) prime?
True
Let f(d) = 12*d - 100. Let k be f(8). Is (2798*48/(-128))/(1/k) composite?
True
Let r = 28808 - 8874. Is r a prime number?
False
Suppose 0 = -4*n + 2*n, -6 = -3*s + 3*n. Suppose 181 = -3*w + s*w + 5*p, 4*p = w + 184. Let k = w + 2445. Is k prime?
False
Let z be (-22)/(-4) - (-3)/(-6). Let t(n) = -n + 0*n + 2 + 27*n**2 + 4*n - z*n. Is t(5) a composite number?
True
Let r(d) = -d - 2*d**3 + 4*d**3 + 0*d - d + 13*d**2. Let j be r(-12). Let i = -25 - j. Is i a prime number?
False
Suppose -s + 5*s + 4*x = 405110 + 194334, 0 = -5*x. Is s composite?
False
Let u(v) = -7*v - 58. Let m be u(-19). Suppose -209 = -d - m. Is d prime?
False
Let y(i) = -628*i - 989. Is y(-12) a composite number?
False
Let b be (-3)/(2 - 1)*(-59975)/(-75). Let n = b - -5080. Is n a prime number?
Fa